 38*u - i*u = 65. What is the greatest common factor of 35 and u?
5
Suppose -463*j = -439*j + 456. Let x(r) = 7*r + 1. Let o be x(3). Let p = o + j. Calculate the greatest common divisor of 48 and p.
3
Let d(y) be the second derivative of 8*y**3/3 + 13*y**2/2 - y. Let x be d(11). Suppose 2*w + x = 3*w. What is the greatest common factor of 21 and w?
21
Let c(i) = 5*i**2 + 61*i + 16. Let b be c(-12). Calculate the highest common factor of b and 19.
1
Let a = -40863 - -41073. Let y be 7/(0 - 1/(-3)). Calculate the greatest common divisor of y and a.
21
Let f be -5*((-240)/25)/(-1). Let x be 88/6 + (f/(-9))/(-8). Calculate the greatest common divisor of x and 98.
14
Let o = -10 - -13. Suppose 6*j - 2*j + 5*b = 6, j + 2*b - o = 0. Let q be 4 - -199 - (3 + -4 + j). Calculate the greatest common divisor of 82 and q.
41
Let v(s) = -3*s + 0*s**3 + 5*s**3 - 2*s**3 - 2*s**3 + 1. Let f be v(-3). Let x = f + 49. Calculate the greatest common divisor of 4 and x.
4
Let s(u) = 12*u - 2. Let w be s(1). Suppose -16*n + 14*n + w = 0. Suppose n*q - 728 = -9*q. Calculate the highest common divisor of 13 and q.
13
Let i be (24/(-14))/(1/(-7)). Let c(z) = -z**2 + 25*z - 144. Let o be c(10). Let w = o + i. Calculate the highest common divisor of w and 126.
18
Suppose 19*q = 29*q + 120. Let h be ((-12)/16*-11)/(q/(-32)). What is the highest common factor of h and 22?
22
Let v be ((-124)/10)/((-8)/20). Let q = -195 + 200. Suppose -5*j - 1390 = -5*h, 4*h - q*j - 1371 + 260 = 0. Calculate the highest common divisor of h and v.
31
Suppose 0 = 74*h - 28*h - 1380. Let z(r) be the first derivative of 3*r**2/2 + 5*r - 3. Let q be z(15). What is the highest common divisor of h and q?
10
Let g be (3288/(-96))/(2/(-8)). Suppose -g = -9*i + 7. What is the highest common divisor of 88 and i?
8
Let l(s) = s**2 + 29*s + 12. Let d be l(-31). Suppose 0 = k - d - 10. What is the greatest common factor of 12 and k?
12
Let h = 1477 - 1436. Calculate the highest common divisor of h and 4141.
41
Let r = -325 + 329. Suppose 3*u + h = 86, r*h + 29 = 2*u - 5. Suppose -5*o + 45 = 5*c, 2*c + 0*o - 18 = 4*o. Calculate the greatest common divisor of u and c.
9
Let i = -9256 + 9280. Calculate the greatest common divisor of 810 and i.
6
Let q be (-4)/(3/(15/10)) + 92. Suppose -q = -13*m + 8*m. Calculate the greatest common factor of 12 and m.
6
Suppose 4*f - 139 = -123, -2*w = -f - 752. What is the highest common divisor of 162 and w?
54
Suppose y = 10*u - 11*u - 3, -2*y = -3*u + 6. Suppose 5*d = -l + 39 + 900, d - 2*l - 179 = u. Calculate the highest common factor of d and 11.
11
Let k be (36/(-10))/(1/(-15)). Suppose 575*a = 4*n + 570*a - 108, 5*n + 3*a = 135. Calculate the highest common divisor of k and n.
27
Let i = -645 - -652. Let x(u) = -u**2 + 8*u. Let z be x(i). Calculate the greatest common divisor of z and 9.
1
Let u = -449 - 61. Let j be 2/(-8) + u/(-24). Suppose 0 = -y + j + 10. Calculate the greatest common divisor of y and 341.
31
Let j = -134 - -70. Let v be ((-207)/6)/(12/j). Suppose -f + v = -124. Calculate the greatest common divisor of 28 and f.
28
Let y(q) = 79*q**2 + q - 2. Let x be y(1). Suppose 35*b = x*b - 2924. Calculate the greatest common factor of 1700 and b.
68
Suppose 0 = 45*m + 51*m + 16*m - 1792. Calculate the highest common factor of 964 and m.
4
Suppose 2*s = -2*i - 0 + 4, 2*s + i - 5 = 0. Let c be 0 + s - 1/2*-86. What is the highest common factor of 4 and c?
2
Suppose 53*m - 136*m + 51217 = -98930. What is the highest common divisor of 27 and m?
27
Suppose -295 = -18*p + 79 + 490. What is the greatest common divisor of p and 264?
24
Let h = -22484 + 22687. Calculate the greatest common factor of 116 and h.
29
Let a be 207 - (0 + (-2)/2). Suppose -7*p + 3*p = -a. Let k be 2805/36 - (-5 + (-885)/(-180)). What is the highest common factor of k and p?
26
Let d = 6664 + 5054. Calculate the greatest common factor of d and 21.
21
Suppose 12*u + 1308 = 3468. What is the greatest common divisor of u and 315?
45
Let n = 805 + -1149. Let r = n - -369. What is the highest common divisor of r and 800?
25
Suppose -3*u - 2*s = -92, 225*u - 111 = 221*u - s. Calculate the highest common divisor of u and 5759.
13
Suppose -34*a - 1342 = -95*a. What is the highest common divisor of 902 and a?
22
Let j be 18/4*40/6. Let u(o) be the first derivative of -41*o**2/2 + 166*o - 158. Let w be u(-4). Calculate the greatest common divisor of w and j.
30
Let n = 12086 + -7232. Calculate the greatest common divisor of 6 and n.
6
Suppose -96 = -3*f - 4*c, -117*c = 2*f - 112*c - 78. What is the highest common divisor of f and 1544?
8
Suppose -6*w + 15*w = 3762. Suppose -w = -12*u + 1694. What is the highest common divisor of u and 792?
88
Let j(v) = -28*v + 65. Let x be j(5). Let t be 87 - 1 - (-8 + 9). Let z = x + t. Calculate the greatest common divisor of z and 50.
10
Let h be (-9)/24*-2 + 129/4. Calculate the highest common divisor of 3707 and h.
11
Suppose 88*b - 108*b = -2560. Calculate the greatest common factor of 304 and b.
16
Suppose j + 3*m = 5*j - 72, 36 = 2*j - 5*m. Suppose 4*l = -28, 2*x - 25*l - 298 = -21*l. What is the greatest common divisor of j and x?
9
Suppose 129 = 14*r + 2733. Let m = r + 249. What is the greatest common factor of m and 36?
9
Let r(o) = 4*o**2 - 85*o - 867. Let i be r(-9). Calculate the highest common divisor of i and 333.
111
Let n = 40 - 157. Let g = 117 + n. Suppose 3*m - 28 + 13 = g. Calculate the greatest common divisor of m and 4.
1
Suppose -39*u + 4*a - 70 = -44*u, 5*a = 3*u - 42. Suppose 2*o = 5*r - 241, 15*r - 5*o = u*r + 39. What is the greatest common factor of 28 and r?
7
Suppose 0 = -35*y - 31*y + 47*y + 76. What is the highest common factor of 2048 and y?
4
Let j(t) = t**3 + 2*t**2 + 2*t + 4. Let a be j(4). Let o be 130/20 + -4 + 52/8. Suppose 446 = -o*q + 689. Calculate the highest common factor of a and q.
27
Suppose 3*u = -3*g + 222 + 51, -3*g + 453 = 5*u. Suppose -87*a = -u*a + 48. Let t = -17 - -57. Calculate the greatest common factor of t and a.
8
Suppose -94*q = -12408 - 97196. What is the highest common factor of q and 44?
22
Let s = -2428 - -4599. Suppose 5*h + 3*o = 1858, -4*h + 2*o - 689 = -s. Calculate the highest common divisor of 53 and h.
53
Let b be 1*(14/35 - 1167/5). Let j = 353 + b. Suppose 0 = -0*k + 5*k - j. Calculate the highest common factor of k and 16.
8
Suppose 2 = -r + 10. Let w = -1640 - -1251. Let z = 393 + w. Calculate the greatest common factor of z and r.
4
Let c(i) = 3*i**2 + 2*i - 14. Let f be c(-3). Suppose f*a - 694 = -477. Calculate the highest common factor of 465 and a.
31
Let i = 11 - 9. Let f = 618 + -556. What is the highest common divisor of f and i?
2
Suppose p - 228 = -4*l, 0 = -61*p + 57*p - 2*l + 1010. Let c(r) = r + 4. Let a be c(4). Calculate the greatest common divisor of p and a.
8
Let h be (-1 + 4)/(((-10)/(-15))/2). Let v be ((-14)/(-21))/(3/h). Let d be (71 + 1)*(5/v + -2). What is the greatest common factor of 72 and d?
36
Let k be ((-21)/5)/((-1260)/2100). What is the greatest common divisor of k and 431?
1
Suppose -3*t - 4*h = 2*t - 65, 2*h = 5*t - 95. Suppose 243 = -14*z + t*z. Let x = 645 + -636. Calculate the greatest common factor of z and x.
9
Let v(c) = -20*c + 104. Suppose -t = -n - 14, n + 4*t = 3*n + 34. Let m be v(n). Calculate the greatest common divisor of m and 12.
12
Let k = 8566 - 5146. Calculate the highest common factor of 5 and k.
5
Suppose 0 = -3*j + 5*o - 19 + 148, -5*j + 289 = 4*o. Calculate the highest common divisor of 32 and j.
1
Let a(h) = -6*h**2 - 31*h + 1. Let i be a(-5). Suppose 5*c + 9 = -2*m, i*m - 31 = 4*m + 3*c. Calculate the greatest common factor of 68 and m.
4
Let g be 0/(10/(-2) - -3). Suppose 4*c + g*c = 16. Let o(n) = -n**3 - 14*n**2 - 45*n - 14. Let m be o(-10). What is the highest common divisor of c and m?
4
Let g = -54 + 29. Let s = g - -15. Let f(n) = n**2 + 8*n + 4. Let a be f(s). What is the greatest common factor of a and 60?
12
Suppose -b = -8*b - 20*b + 44928. Calculate the greatest common factor of b and 26.
26
Let g(d) = -8*d + 101. Let t be g(8). Suppose 157 = 8*y - 139. What is the highest common factor of t and y?
37
Suppose -24*f = 6 - 198. Suppose -3*d + 1 = -5. Suppose d*u - t - 126 = 0, 6*t = 4*u + 2*t - 248. Calculate the